pose -7*o + 18*o + 8235 = 26*o. Calculate the highest common factor of o and 61.
61
Let o = 128 - 51. Let k(w) = -3*w - 21. Let f(l) = -4*l - 20. Let s(t) = 4*f(t) - 6*k(t). Let z be s(-12). Calculate the greatest common divisor of z and o.
11
Suppose 83*z - 162150 = -11*z. Calculate the greatest common factor of 69 and z.
69
Suppose -288 = -28*o + 48. Let c(u) = 3 + 12*u - u**2 + 0*u**2 + 0*u**2 - 2*u. Let f be c(9). Calculate the highest common divisor of f and o.
12
Suppose d + 4*y = 347, 5*d = -y - 4*y + 1660. Calculate the greatest common factor of d and 2071.
109
Let c = -2136 - -2479. What is the highest common divisor of 196 and c?
49
Let p = -4702 + 4753. What is the highest common divisor of p and 1598?
17
Let u be (8/(-6))/((-15)/45). Suppose r + n - 115 = -u*n, -r + 109 = 2*n. Suppose -2*q = -6*q + 168. Calculate the highest common factor of q and r.
21
Let z be 1420*18/45 - 9. Calculate the highest common factor of 351 and z.
13
Suppose 0 = -75*s + 55*s + 1200. Let a = 7 - 4. Suppose a*p = 2*p + s. What is the highest common divisor of p and 24?
12
Suppose -151 = -13*d + 122. Suppose d*t - 22*t + 328 = -2*z, -2*t - 3*z = -656. Calculate the highest common factor of 41 and t.
41
Suppose 4*a = 5*r + 863, 393 = -46*a + 48*a + 3*r. What is the highest common factor of 7107 and a?
69
Suppose 3 + 1 = -5*t + y, 0 = -4*y + 16. Suppose -3*n = 4*p - 349, t = 3*p + 5*n - 7*n - 283. What is the greatest common divisor of 26 and p?
13
Suppose 6*p = 5*p - 242. Let a = p - -138. Let z be (-39)/a + (-2458)/(-16). Calculate the greatest common divisor of z and 14.
14
Let u = 399 + 6. Suppose 0 = 8*k + 4*c + 4, 40 = 5*k - 2*c - 7. What is the greatest common divisor of k and u?
5
Let k(w) = -8*w - 7. Let q be k(-16). Let n = q - 101. Suppose 2*f = -5*u + 80, -2*u = 3*f - 0*u - 98. Calculate the greatest common divisor of n and f.
10
Let r(p) = 326*p**2 + 11*p + 13. Let y be r(-1). Calculate the highest common divisor of 82 and y.
82
Let g be 7*(166 + (-80)/(2 - 10)). Calculate the greatest common divisor of g and 560.
112
Suppose 9*n - 538 - 45 = -2*n. What is the highest common factor of n and 5459?
53
Let k(j) = 67*j**2 - 6*j + 20. Let m be k(3). Let z = m + -444. Suppose u = -4*f + 92, -f + 5*u = f - 46. What is the highest common factor of z and f?
23
Let q(l) = -l**3 + 71*l**2 + 98*l - 222. Let b be q(72). What is the greatest common divisor of 5 and b?
5
Suppose -4*c = 4*o - 212, -23*c - 2*o + 259 = -18*c. What is the highest common factor of 6 and c?
3
Let x(z) = 163*z - 663. Let q be x(24). Calculate the greatest common divisor of 9 and q.
9
Let v be ((-28 - -3) + -3)*(-84)/(4 + 2). What is the highest common divisor of v and 98?
98
Suppose -2419 = -5*y - 2*q, 6*q - 7*q = -4*y + 1930. Let b = -328 + y. Calculate the greatest common factor of 31 and b.
31
Suppose 0 = -7*s - 41 + 41. Suppose -31*h + 33*h - 12 = s. Let m be (2/(-2) - -4)/(h/14). What is the highest common factor of m and 56?
7
Suppose 3*r = -3*n + 4*n + 83, -4*r - n = -113. Let z = 5617 - 5601. Let c = r - z. Calculate the highest common divisor of c and 24.
12
Let r(i) = -i**2 - 3*i + 92. Let a be r(0). Suppose -3*c = 80 - a. Suppose -3 = c*k - 7. Calculate the greatest common factor of 1 and k.
1
Let n(x) = -x**2 + 9*x - 10. Let g(r) = r**2 - 22*r - 42. Let k be g(24). Let p be n(k). Let j = 183 - 95. Calculate the greatest common factor of p and j.
8
Suppose -4803*r + 2*t = -4800*r - 1286, 3*r + 5*t - 1321 = 0. Calculate the highest common divisor of r and 276.
12
Suppose 4*a + 4*b = a - 30, -3 = 3*a - 5*b. Let z be (-27)/a*16/(-24). Let m be (z - 705/(-18)) + (-3)/18. Calculate the highest common factor of 24 and m.
12
Suppose 9*r - 7*r = 24. Suppose -7*y = -r*y + 10. Let i be (y/(-3))/((-14)/21). What is the greatest common factor of 2 and i?
1
Suppose -2*r + r = -31. Let i = 1358 - 1327. What is the highest common factor of r and i?
31
Suppose 2*w + 2*f = 0, 4*w + 25 = 3*f + 60. Suppose 3*h - 25 = -2*m, 2*h - m + 23 = w*h. What is the greatest common factor of h and 427?
7
Suppose 0 = 20*c - 13*c + 126. Let t be (13 - 4)*(-48)/c. Suppose -78*p - t = -79*p. Calculate the greatest common factor of p and 120.
24
Let q = 3016 - 3010. Suppose 5*n - 100 = -0*n - t, -4*n + 5*t + 109 = 0. Calculate the highest common factor of n and q.
3
Let d(f) = -96*f - 64. Let y be d(-6). Suppose -1516 = -6*t + y. Calculate the highest common divisor of 52 and t.
26
Let f = 264 - 93. Let h = -35543 + 35771. What is the greatest common divisor of f and h?
57
Let i = 42 + -27. Let q = 12552 - 12417. What is the highest common factor of i and q?
15
Let m be (-2)/(-6) + (4 - (-1)/(-3)). Suppose m*t - 8 - 4 = 0. Suppose 123 = 7*l - t. What is the greatest common factor of 9 and l?
9
Let z be (4 - 69/6)*8284/(-38). Calculate the highest common divisor of z and 15.
15
Let y = 50 + -35. Suppose -2*s = 3*s + w - 17, 5*w = 5*s - 35. Suppose -3*k = 5*v - 2*v - 6, -s*k - 12 = 0. Calculate the greatest common divisor of y and v.
5
Let g be 21*(-3)/(-2)*118 + 0. Calculate the highest common factor of 63 and g.
63
Suppose -a = -164 - 24. Suppose 62 = -9*v + a. Suppose 11*q - v*q + 72 = 0. What is the highest common divisor of q and 216?
24
Let d be (-3580)/12 - 8/12. Let k = 305 + d. What is the greatest common factor of k and 22?
2
Suppose 0 = 2*m - 0*m - 14. Suppose -k + 4*w = -135, -3*w = k - 5*w - 133. Suppose -6*o + k = 89. What is the greatest common divisor of m and o?
7
Suppose 0 = f - 103 - 5. Suppose 0 = -z - 97 + f. Suppose 2*m + 2*m - 220 = 0. What is the highest common divisor of z and m?
11
Let r be (0 + -102)*3/(-1 + 4). Let n = 67 + r. Let s be ((-48)/14)/(10/n). What is the highest common factor of 24 and s?
12
Let l be 452/9 + (-4)/18. Suppose 24*y = 104 - 8. Let d be 2/(-1)*(y + 4 + -13). What is the greatest common divisor of d and l?
10
Let j(q) = -q**2 + 163*q + 8070. Let m be j(-39). Calculate the greatest common divisor of 150 and m.
6
Suppose -47*x = -50*x - 153. Let v = 56 + x. Suppose -v*y + 9*y - 124 = -3*c, -52 = -2*y + c. What is the greatest common divisor of 4 and y?
4
Suppose 3*u + 15 = 0, 4*q = -4*u + 11 + 13. Suppose -15*x + 52 = -q*x. Let m be (-64)/6*(-78)/8. What is the greatest common factor of x and m?
13
Let c = -177 - -147. Let h be ((-36)/c)/((-2)/(-40)). What is the greatest common factor of 3 and h?
3
Let q = -12146 + 12412. Suppose -p + 5*i - 3 = -3*p, 2*p - 2*i - 38 = 0. What is the greatest common factor of p and q?
14
Suppose 32 + 40 = -12*d. Let m(h) = h**3 + 9*h**2 - 5*h - 6. Let s be m(d). What is the greatest common divisor of s and 308?
44
Let g be (-5)/10 - 31/(-2). Let k be ((-5)/g)/((-1)/51). Suppose 79 = 5*j - 3*t, j + 4*t - 25 = -0*j. Calculate the highest common divisor of j and k.
17
Let s = 1228 - 2400. Let u = 1843 + s. What is the highest common divisor of u and 11?
11
Suppose -10*t = -37*t - 3*t + 36180. Calculate the greatest common divisor of t and 18.
18
Let w = -26942 - -26946. Let p(a) = -a**2 + 6*a + 4. Let n be p(4). Calculate the greatest common divisor of w and n.
4
Suppose -4*u = -5*f + 72, 0 = f + 2*u - 3 - 17. Suppose 30 = -f*w + 46. Calculate the highest common divisor of 49 and w.
1
Let z(o) = -18*o - 15. Let h be z(-2). Let c be 2072/h*6/16*6. What is the greatest common divisor of c and 74?
74
Suppose -128 = -4*p - 4*a, 45*a - 47*a = -2*p + 64. What is the highest common factor of 284 and p?
4
Suppose 0 = 34*a + 311 - 379. Suppose 0 = 5*c - 42 + 7. Let q = c - 4. Calculate the highest common divisor of q and a.
1
Let z = 5991 + -5982. Let h be (-4)/(-3)*(-3)/(-2). Suppose 5 + z = h*y. What is the greatest common divisor of y and 28?
7
Suppose 0 = -70*x - 18*x - 123*x + 336545. What is the greatest common divisor of x and 220?
55
Suppose -6*v = -7*v + 311. Let p = v - 115. What is the greatest common divisor of 49 and p?
49
Let t(v) = -v**2 + 72*v - 364. Let s be t(66). What is the greatest common divisor of 16096 and s?
32
Let g = 109 + -94. Let a be (17 - g)*-4*1/(-2). Calculate the greatest common divisor of 22 and a.
2
Suppose 81 = 2*g + 5*o, -155 = -5*g - 5*o + 2*o. Suppose g*x - 4311 + 1231 = 0. Calculate the highest common divisor of 22 and x.
22
Let m be -2*3/2 + 16. Suppose 176 + 275 = 2*a - 3*u, 2*a - 445 = u. Ca